{"id":2828,"date":"2023-01-12T15:28:41","date_gmt":"2023-01-12T14:28:41","guid":{"rendered":"https:\/\/ongd.lgs.lu\/?page_id=2828"},"modified":"2026-04-14T11:11:55","modified_gmt":"2026-04-14T09:11:55","slug":"iwwer-eis","status":"publish","type":"page","link":"https:\/\/ongd.lgs.lu\/fr\/iwwer-eis\/","title":{"rendered":"Qui sommes-nous\u00a0?"},"content":{"rendered":"<span style=\"font-weight: 400\">L\u2019ONGD Guiden a Scouten fir ENG Welt est une association sans but lucratif fond\u00e9e en 1988. Issue du mouvement des guides et scouts, <a href=\"https:\/\/lgs.lu\" target=\"_blank\" rel=\"noopener\">L\u00ebtzebuerger Guiden a Scouten<\/a><\/span><span style=\"font-weight: 400\">, elle soutient des projets en faveur du d\u00e9veloppement de l\u2019\u00e9ducation et de la formation professionnelle. Ces projets sont r\u00e9alis\u00e9s en collaboration avec des partenaires locaux au S\u00e9n\u00e9gal, Niger, Cabo Verde et en Bolivie.<\/span><\/p>\n<p><span style=\"font-weight: 400\">L\u2019ONGD est agr\u00e9\u00e9e par le Minist\u00e8re des Affaires Etrang\u00e8res et europ\u00e9ennes (MAEE) et ses projets sont cofinanc\u00e9s par le biais d\u2019un accord-cadre de coop\u00e9ration, c\u2019est-\u00e0-dire un programme pluriannuel n\u00e9goci\u00e9 avec les partenaires du Sud et du MAEE.<\/span><\/p>\n<p><span style=\"font-weight: 400\">En f\u00e9vrier 2026, l\u2019ONGD Guiden a Scouten fir ENG Welt a sign\u00e9 un nouvel accord-cadre avec le MAEE pour la p\u00e9riode 2026-2030.<\/span><\/p>\n<p><span style=\"font-weight: 400\">L\u2019ONGD effectue \u00e9galement des projets annuels d\u2019\u00e9ducation au d\u00e9veloppement au Luxembourg cofinanc\u00e9s par le MAEE, qui vise \u00e0 sensibiliser les jeunes, majoritairement issus du mouvement scout et des lyc\u00e9es, aux th\u00e9matiques li\u00e9es au d\u00e9veloppement et aux relations Nord\/Sud afin de les aider \u00e0 devenir des citoyens responsables et conscient du monde qui les entoure.<\/span><\/p>\n<img loading=\"lazy\" decoding=\"async\" class=\"wp-image-121 aligncenter\" src=\"https:\/\/ongd.lgs.lu\/wp-content\/uploads\/sites\/15\/2016\/02\/Footer_small-blank-300x16.png\" alt=\"\" width=\"772\" height=\"42\" srcset=\"https:\/\/ongd.lgs.lu\/wp-content\/uploads\/sites\/15\/2016\/02\/Footer_small-blank-300x16.png 300w, https:\/\/ongd.lgs.lu\/wp-content\/uploads\/sites\/15\/2016\/02\/Footer_small-blank-768x42.png 768w, https:\/\/ongd.lgs.lu\/wp-content\/uploads\/sites\/15\/2016\/02\/Footer_small-blank.png 1014w\" sizes=\"auto, (max-width: 772px) 100vw, 772px\" \/>\n<h2><b>Notre mission<\/b><\/h2>\n<p><span style=\"font-weight: 400\">Contribuer \u00e0 l\u2019am\u00e9lioration des conditions de vie d\u2019enfants et de jeunes au Sud et au Nord et \u00e0 leur participation citoyenne par l\u2019appui \u00e0 une \u00e9ducation formelle et non-formelle et \u00e0 une \u00e9ducation au d\u00e9veloppement de qualit\u00e9 bas\u00e9e sur la m\u00e9thode du guidisme \/ scoutisme international.<\/span><\/p>\n<p><span style=\"font-weight: 400\">Nos axes strat\u00e9giques :<\/span><\/p>\n<ul>\n<li><span style=\"font-weight: 400\">Appui \u00e0 l\u2019\u00e9ducation formelle<\/span><\/li>\n<li><span style=\"font-weight: 400\">Travail dans l\u2019\u00e9ducation non formelle<\/span><\/li>\n<li><span style=\"font-weight: 400\">Education professionnelle et insertion socio-\u00e9conomique des jeunes<\/span><\/li>\n<li><span style=\"font-weight: 400\"><span style=\"font-weight: 400\">Education au d\u00e9veloppement \u00e0 la diff\u00e9rence, \u00e0 la compr\u00e9hension mutuelle et \u00e0 l\u2019interculturalit\u00e9<\/span><\/span><\/li>\n<\/ul>\n<p>&nbsp;<\/p>\n<h2><b>Notre histoire et nos valeurs\u00a0<\/b><\/h2>\n<p><span style=\"font-weight: 400\">L\u2019ONGD a \u00e9t\u00e9 cr\u00e9\u00e9e en 1988 par les guides et scouts du Luxembourg pour permettre la r\u00e9alisation du camp-chantier et la construction du centre de formation de Mboro au S\u00e9n\u00e9gal. Depuis elle s\u2019est d\u00e9velopp\u00e9e et a soutenu plusieurs camps-chantier et r\u00e9alis\u00e9 divers projets importants sur le long terme, notamment en Inde, en Bolivie, au Niger et au S\u00e9n\u00e9gal.<\/span><\/p>\n<p><span style=\"font-weight: 400\">Nos valeurs en quelques mots :<\/span><\/p>\n<p><span style=\"font-weight: 400\">D\u00e9veloppement durable, coh\u00e9sion et engagement social, diversit\u00e9 culturelle, \u00e9galit\u00e9 des ressources, protection de l\u2019environnement, partenariat, participation, responsabilit\u00e9, solidarit\u00e9, respect des droits humains, libert\u00e9, justice, \u00e9galit\u00e9, paix \u2026<\/span><\/p>\n<img loading=\"lazy\" decoding=\"async\" class=\"wp-image-121 aligncenter\" src=\"https:\/\/ongd.lgs.lu\/wp-content\/uploads\/sites\/15\/2016\/02\/Footer_small-blank-300x16.png\" alt=\"\" width=\"772\" height=\"42\" srcset=\"https:\/\/ongd.lgs.lu\/wp-content\/uploads\/sites\/15\/2016\/02\/Footer_small-blank-300x16.png 300w, https:\/\/ongd.lgs.lu\/wp-content\/uploads\/sites\/15\/2016\/02\/Footer_small-blank-768x42.png 768w, https:\/\/ongd.lgs.lu\/wp-content\/uploads\/sites\/15\/2016\/02\/Footer_small-blank.png 1014w\" sizes=\"auto, (max-width: 772px) 100vw, 772px\" \/>\n<h2>\u00c9quipe<\/h2>\n<figure id=\"attachment_4066\" aria-describedby=\"caption-attachment-4066\" style=\"width: 182px\" class=\"wp-caption alignleft\"><a href=\"https:\/\/ongd.lgs.lu\/wp-content\/uploads\/sites\/15\/2025\/09\/PA290392-3.jpeg\"><img loading=\"lazy\" decoding=\"async\" class=\"wp-image-4066 size-medium\" src=\"https:\/\/ongd.lgs.lu\/wp-content\/uploads\/sites\/15\/2025\/09\/PA290392-3-e1758097607514-182x300.jpeg\" alt=\"\" width=\"182\" height=\"300\" srcset=\"https:\/\/ongd.lgs.lu\/wp-content\/uploads\/sites\/15\/2025\/09\/PA290392-3-e1758097607514-182x300.jpeg 182w, https:\/\/ongd.lgs.lu\/wp-content\/uploads\/sites\/15\/2025\/09\/PA290392-3-e1758097607514.jpeg 582w\" sizes=\"auto, (max-width: 182px) 100vw, 182px\" \/><\/a><figcaption id=\"caption-attachment-4066\" class=\"wp-caption-text\">Camille Ceccaldi <em>Gestionnaire de projets<\/em><\/figcaption><\/figure>\n<figure id=\"attachment_4063\" aria-describedby=\"caption-attachment-4063\" style=\"width: 200px\" class=\"wp-caption alignleft\"><a href=\"https:\/\/ongd.lgs.lu\/wp-content\/uploads\/sites\/15\/2025\/09\/GetAttachmentThumbnail.jpg\"><img loading=\"lazy\" decoding=\"async\" class=\"wp-image-4063 size-medium\" src=\"https:\/\/ongd.lgs.lu\/wp-content\/uploads\/sites\/15\/2025\/09\/GetAttachmentThumbnail-200x300.jpg\" alt=\"\" width=\"200\" height=\"300\" srcset=\"https:\/\/ongd.lgs.lu\/wp-content\/uploads\/sites\/15\/2025\/09\/GetAttachmentThumbnail-200x300.jpg 200w, https:\/\/ongd.lgs.lu\/wp-content\/uploads\/sites\/15\/2025\/09\/GetAttachmentThumbnail-682x1024.jpg 682w, https:\/\/ongd.lgs.lu\/wp-content\/uploads\/sites\/15\/2025\/09\/GetAttachmentThumbnail-768x1152.jpg 768w, https:\/\/ongd.lgs.lu\/wp-content\/uploads\/sites\/15\/2025\/09\/GetAttachmentThumbnail.jpg 853w\" sizes=\"auto, (max-width: 200px) 100vw, 200px\" \/><\/a><figcaption id=\"caption-attachment-4063\" class=\"wp-caption-text\">Viktoria Szombathy<br \/><em>Responsable Education au D\u00e9veloppement<\/em><\/figcaption><\/figure>\n<p>&nbsp;<\/p>\n<p>&nbsp;<\/p>\n<h2><\/h2>\n<h2><\/h2>\n<h2><\/h2>\n<h2><\/h2>\n<h2><\/h2>\n<p>&nbsp;<\/p>\n<p>&nbsp;<\/p>\n<p>&nbsp;<\/p>\n<p>&nbsp;<\/p>\n<p>&nbsp;<\/p>\n<p>&nbsp;<\/p>\n<p>&nbsp;<\/p>\n<h2>Membres du Conseil d&rsquo;administration<\/h2>\n<div class=\"clearfix\">\n<div class=\"team-member\">\n<div class=\"note\">\n<ul>\n<li><span style=\"font-weight: 400\">Roy Grotz (Pr\u00e9sident)<\/span><\/li>\n<li><span style=\"font-weight: 400\">Sven Clement (Secr\u00e9taire)<\/span><\/li>\n<li><span style=\"font-weight: 400\">Guy Frantzen (Tr\u00e9sorier)<\/span><\/li>\n<li><span style=\"font-weight: 400\">Madeleine Abens-Maintz (Membre)<\/span><\/li>\n<li><span style=\"font-weight: 400\">John Bertrand (Membre)<\/span><\/li>\n<li><span style=\"font-weight: 400\">Anne Blau (Membre)<\/span><\/li>\n<li><span style=\"font-weight: 400\">Anouk Galassi (Membre)<\/span><\/li>\n<li><span style=\"font-weight: 400\">Anne Leonardy (Membre)<\/span><\/li>\n<li><span style=\"font-weight: 400\">Claudine Merenz (Membre)<\/span><\/li>\n<li><span style=\"font-weight: 400\">Raphael Mersch (Membre)<\/span><\/li>\n<li>Sylvie Reckinger (Membre)<\/li>\n<li>Elisabeth Voyeux (Membre)<\/li>\n<li>Fran\u00e7oise Kemp (Membre)<\/li>\n<li>Pit Faber (Membre)<\/li>\n<li>Romain Hild (Membre)<\/li>\n<\/ul>\n<p>&nbsp;<\/p>\n<\/div>\n<h2>Nos partenaires locaux<\/h2>\n<p><strong>Au S\u00e9n\u00e9gal<\/strong><\/p>\n<ul>\n<li><a href=\"https:\/\/www.jed.sn\/\" target=\"_blank\" rel=\"noopener\">Jeunesse et D\u00e9veloppement (JED)<\/a><\/li>\n<li><a href=\"https:\/\/www.facebook.com\/fonees.mec?mibextid=LQQJ4d\" target=\"_blank\" rel=\"noopener\">Mutuelle d\u2019\u00e9pargne et de cr\u00e9dit du Fonds National des Eclaireurs et Eclaireuses du S\u00e9n\u00e9gal (MEC FONEES)<\/a><\/li>\n<\/ul>\n<p><strong>Au Niger<\/strong><\/p>\n<ul>\n<li>Les Amis de l\u2019Ecole asbl<\/li>\n<li>ONG Gakassiney (ONG des Scouts du Niger)<\/li>\n<\/ul>\n<p><strong>Au Cabo Verde<\/strong><\/p>\n<ul>\n<li><a href=\"https:\/\/www.facebook.com\/secundaria.suzetedelgado\" target=\"_blank\" rel=\"noopener\">L\u2019Ecole Secondaire Suzete Delgado<\/a><\/li>\n<\/ul>\n<p><strong>En Bolivie<\/strong><\/p>\n<ul>\n<li><a href=\"http:\/\/www.fcristovive.bo\">Fundaci\u00f3n Cristo Vive Bolivia<\/a><\/li>\n<\/ul>\n<p>&nbsp;<\/p>\n<h2>Nos rapports financiers<\/h2>\n<p><a href=\"https:\/\/ongd.lgs.lu\/wp-content\/uploads\/sites\/15\/2024\/07\/GUIDEN-A-SCOUTEN-RAPPORT-2023.pdf\">GUIDEN A SCOUTEN RAPPORT 2023<\/a><\/p>\n<p><a href=\"https:\/\/ongd.lgs.lu\/wp-content\/uploads\/sites\/15\/2025\/05\/ONGD-RAPPORT-AUDIT-2024.pdf\">ONGD RAPPORT AUDIT 2024<\/a><\/p>\n<img loading=\"lazy\" decoding=\"async\" class=\"wp-image-121 aligncenter\" src=\"https:\/\/ongd.lgs.lu\/wp-content\/uploads\/sites\/15\/2016\/02\/Footer_small-blank-300x16.png\" alt=\"\" width=\"772\" height=\"42\" srcset=\"https:\/\/ongd.lgs.lu\/wp-content\/uploads\/sites\/15\/2016\/02\/Footer_small-blank-300x16.png 300w, https:\/\/ongd.lgs.lu\/wp-content\/uploads\/sites\/15\/2016\/02\/Footer_small-blank-768x42.png 768w, https:\/\/ongd.lgs.lu\/wp-content\/uploads\/sites\/15\/2016\/02\/Footer_small-blank.png 1014w\" sizes=\"auto, (max-width: 772px) 100vw, 772px\" \/>\n<\/div>\n<\/div>","protected":false},"excerpt":{"rendered":"<p>L\u2019ONGD Guiden a Scouten fir ENG Welt est une association sans but lucratif fond\u00e9e en 1988. Issue du mouvement des guides et scouts, L\u00ebtzebuerger Guiden a Scouten, elle soutient des projets en faveur du d\u00e9veloppement de l\u2019\u00e9ducation et de la formation professionnelle. Ces projets sont r\u00e9alis\u00e9s en collaboration avec des partenaires locaux au S\u00e9n\u00e9gal, Niger,&#8230;  <a class=\"excerpt-read-more\" href=\"https:\/\/ongd.lgs.lu\/fr\/iwwer-eis\/\" title=\"ReadQui sommes-nous\u00a0?\">Read more &raquo;<\/a><\/p>\n","protected":false},"author":2315,"featured_media":0,"parent":0,"menu_order":1,"comment_status":"closed","ping_status":"closed","template":"page-no-sidebar.php","meta":{"footnotes":""},"class_list":["post-2828","page","type-page","status-publish","hentry"],"_links":{"self":[{"href":"https:\/\/ongd.lgs.lu\/fr\/wp-json\/wp\/v2\/pages\/2828","targetHints":{"allow":["GET"]}}],"collection":[{"href":"https:\/\/ongd.lgs.lu\/fr\/wp-json\/wp\/v2\/pages"}],"about":[{"href":"https:\/\/ongd.lgs.lu\/fr\/wp-json\/wp\/v2\/types\/page"}],"author":[{"embeddable":true,"href":"https:\/\/ongd.lgs.lu\/fr\/wp-json\/wp\/v2\/users\/2315"}],"replies":[{"embeddable":true,"href":"https:\/\/ongd.lgs.lu\/fr\/wp-json\/wp\/v2\/comments?post=2828"}],"version-history":[{"count":106,"href":"https:\/\/ongd.lgs.lu\/fr\/wp-json\/wp\/v2\/pages\/2828\/revisions"}],"predecessor-version":[{"id":4382,"href":"https:\/\/ongd.lgs.lu\/fr\/wp-json\/wp\/v2\/pages\/2828\/revisions\/4382"}],"wp:attachment":[{"href":"https:\/\/ongd.lgs.lu\/fr\/wp-json\/wp\/v2\/media?parent=2828"}],"curies":[{"name":"wp","href":"https:\/\/api.w.org\/{rel}","templated":true}]}}

<span style="font-weight: 400">L’ONGD Guiden a Scouten fir ENG Welt est une association sans but lucratif fondée en 1988. Issue du mouvement des guides et scouts, <a href="https://lgs.lu" target="_blank" rel="noopener">Lëtzebuerger Guiden a Scouten</a></span><span style="font-weight: 400">, elle soutient des projets en faveur du développement de l’éducation et de la formation professionnelle. Ces projets sont réalisés en collaboration avec des partenaires locaux au Sénégal, Niger, Cabo Verde et en Bolivie.</span></p>
<p><span style="font-weight: 400">L’ONGD est agréée par le Ministère des Affaires Etrangères et européennes (MAEE) et ses projets sont cofinancés par le biais d’un accord-cadre de coopération, c’est-à-dire un programme pluriannuel négocié avec les partenaires du Sud et du MAEE.</span></p>
<p><span style="font-weight: 400">En février 2026, l’ONGD Guiden a Scouten fir ENG Welt a signé un nouvel accord-cadre avec le MAEE pour la période 2026-2030.</span></p>
<p><span style="font-weight: 400">L’ONGD effectue également des projets annuels d’éducation au développement au Luxembourg cofinancés par le MAEE, qui vise à sensibiliser les jeunes, majoritairement issus du mouvement scout et des lycées, aux thématiques liées au développement et aux relations Nord/Sud afin de les aider à devenir des citoyens responsables et conscient du monde qui les entoure.</span></p>
<img loading="lazy" decoding="async" class="wp-image-121 aligncenter" src="https://ongd.lgs.lu/wp-content/uploads/sites/15/2016/02/Footer_small-blank-300x16.png" alt="" width="772" height="42" srcset="https://ongd.lgs.lu/wp-content/uploads/sites/15/2016/02/Footer_small-blank-300x16.png 300w, https://ongd.lgs.lu/wp-content/uploads/sites/15/2016/02/Footer_small-blank-768x42.png 768w, https://ongd.lgs.lu/wp-content/uploads/sites/15/2016/02/Footer_small-blank.png 1014w" sizes="auto, (max-width: 772px) 100vw, 772px" />
<h2><b>Notre mission</b></h2>
<p><span style="font-weight: 400">Contribuer à l’amélioration des conditions de vie d’enfants et de jeunes au Sud et au Nord et à leur participation citoyenne par l’appui à une éducation formelle et non-formelle et à une éducation au développement de qualité basée sur la méthode du guidisme / scoutisme international.</span></p>
<p><span style="font-weight: 400">Nos axes stratégiques :</span></p>
<ul>
<li><span style="font-weight: 400">Appui à l’éducation formelle</span></li>
<li><span style="font-weight: 400">Travail dans l’éducation non formelle</span></li>
<li><span style="font-weight: 400">Education professionnelle et insertion socio-économique des jeunes</span></li>
<li><span style="font-weight: 400"><span style="font-weight: 400">Education au développement à la différence, à la compréhension mutuelle et à l’interculturalité</span></span></li>
</ul>
<p>&nbsp;</p>
<h2><b>Notre histoire et nos valeurs </b></h2>
<p><span style="font-weight: 400">L’ONGD a été créée en 1988 par les guides et scouts du Luxembourg pour permettre la réalisation du camp-chantier et la construction du centre de formation de Mboro au Sénégal. Depuis elle s’est développée et a soutenu plusieurs camps-chantier et réalisé divers projets importants sur le long terme, notamment en Inde, en Bolivie, au Niger et au Sénégal.</span></p>
<p><span style="font-weight: 400">Nos valeurs en quelques mots :</span></p>
<p><span style="font-weight: 400">Développement durable, cohésion et engagement social, diversité culturelle, égalité des ressources, protection de l’environnement, partenariat, participation, responsabilité, solidarité, respect des droits humains, liberté, justice, égalité, paix …</span></p>
<img loading="lazy" decoding="async" class="wp-image-121 aligncenter" src="https://ongd.lgs.lu/wp-content/uploads/sites/15/2016/02/Footer_small-blank-300x16.png" alt="" width="772" height="42" srcset="https://ongd.lgs.lu/wp-content/uploads/sites/15/2016/02/Footer_small-blank-300x16.png 300w, https://ongd.lgs.lu/wp-content/uploads/sites/15/2016/02/Footer_small-blank-768x42.png 768w, https://ongd.lgs.lu/wp-content/uploads/sites/15/2016/02/Footer_small-blank.png 1014w" sizes="auto, (max-width: 772px) 100vw, 772px" />
<h2>Équipe</h2>
<figure id="attachment_4066" aria-describedby="caption-attachment-4066" style="width: 182px" class="wp-caption alignleft"><a href="https://ongd.lgs.lu/wp-content/uploads/sites/15/2025/09/PA290392-3.jpeg"><img loading="lazy" decoding="async" class="wp-image-4066 size-medium" src="https://ongd.lgs.lu/wp-content/uploads/sites/15/2025/09/PA290392-3-e1758097607514-182x300.jpeg" alt="" width="182" height="300" srcset="https://ongd.lgs.lu/wp-content/uploads/sites/15/2025/09/PA290392-3-e1758097607514-182x300.jpeg 182w, https://ongd.lgs.lu/wp-content/uploads/sites/15/2025/09/PA290392-3-e1758097607514.jpeg 582w" sizes="auto, (max-width: 182px) 100vw, 182px" /></a><figcaption id="caption-attachment-4066" class="wp-caption-text">Camille Ceccaldi <em>Gestionnaire de projets</em></figcaption></figure>
<figure id="attachment_4063" aria-describedby="caption-attachment-4063" style="width: 200px" class="wp-caption alignleft"><a href="https://ongd.lgs.lu/wp-content/uploads/sites/15/2025/09/GetAttachmentThumbnail.jpg"><img loading="lazy" decoding="async" class="wp-image-4063 size-medium" src="https://ongd.lgs.lu/wp-content/uploads/sites/15/2025/09/GetAttachmentThumbnail-200x300.jpg" alt="" width="200" height="300" srcset="https://ongd.lgs.lu/wp-content/uploads/sites/15/2025/09/GetAttachmentThumbnail-200x300.jpg 200w, https://ongd.lgs.lu/wp-content/uploads/sites/15/2025/09/GetAttachmentThumbnail-682x1024.jpg 682w, https://ongd.lgs.lu/wp-content/uploads/sites/15/2025/09/GetAttachmentThumbnail-768x1152.jpg 768w, https://ongd.lgs.lu/wp-content/uploads/sites/15/2025/09/GetAttachmentThumbnail.jpg 853w" sizes="auto, (max-width: 200px) 100vw, 200px" /></a><figcaption id="caption-attachment-4063" class="wp-caption-text">Viktoria Szombathy<br /><em>Responsable Education au Développement</em></figcaption></figure>
<p>&nbsp;</p>
<p>&nbsp;</p>
<h2></h2>
<h2></h2>
<h2></h2>
<h2></h2>
<h2></h2>
<p>&nbsp;</p>
<p>&nbsp;</p>
<p>&nbsp;</p>
<p>&nbsp;</p>
<p>&nbsp;</p>
<p>&nbsp;</p>
<p>&nbsp;</p>
<h2>Membres du Conseil d&rsquo;administration</h2>
<div class="clearfix">
<div class="team-member">
<div class="note">
<ul>
<li><span style="font-weight: 400">Roy Grotz (Président)</span></li>
<li><span style="font-weight: 400">Sven Clement (Secrétaire)</span></li>
<li><span style="font-weight: 400">Guy Frantzen (Trésorier)</span></li>
<li><span style="font-weight: 400">Madeleine Abens-Maintz (Membre)</span></li>
<li><span style="font-weight: 400">John Bertrand (Membre)</span></li>
<li><span style="font-weight: 400">Anne Blau (Membre)</span></li>
<li><span style="font-weight: 400">Anouk Galassi (Membre)</span></li>
<li><span style="font-weight: 400">Anne Leonardy (Membre)</span></li>
<li><span style="font-weight: 400">Claudine Merenz (Membre)</span></li>
<li><span style="font-weight: 400">Raphael Mersch (Membre)</span></li>
<li>Sylvie Reckinger (Membre)</li>
<li>Elisabeth Voyeux (Membre)</li>
<li>Françoise Kemp (Membre)</li>
<li>Pit Faber (Membre)</li>
<li>Romain Hild (Membre)</li>
</ul>
<p>&nbsp;</p>
</div>
<h2>Nos partenaires locaux</h2>
<p><strong>Au Sénégal</strong></p>
<ul>
<li><a href="https://www.jed.sn/" target="_blank" rel="noopener">Jeunesse et Développement (JED)</a></li>
<li><a href="https://www.facebook.com/fonees.mec?mibextid=LQQJ4d" target="_blank" rel="noopener">Mutuelle d’épargne et de crédit du Fonds National des Eclaireurs et Eclaireuses du Sénégal (MEC FONEES)</a></li>
</ul>
<p><strong>Au Niger</strong></p>
<ul>
<li>Les Amis de l’Ecole asbl</li>
<li>ONG Gakassiney (ONG des Scouts du Niger)</li>
</ul>
<p><strong>Au Cabo Verde</strong></p>
<ul>
<li><a href="https://www.facebook.com/secundaria.suzetedelgado" target="_blank" rel="noopener">L’Ecole Secondaire Suzete Delgado</a></li>
</ul>
<p><strong>En Bolivie</strong></p>
<ul>
<li><a href="http://www.fcristovive.bo">Fundación Cristo Vive Bolivia</a></li>
</ul>
<p>&nbsp;</p>
<h2>Nos rapports financiers</h2>
<p><a href="https://ongd.lgs.lu/wp-content/uploads/sites/15/2024/07/GUIDEN-A-SCOUTEN-RAPPORT-2023.pdf">GUIDEN A SCOUTEN RAPPORT 2023</a></p>
<p><a href="https://ongd.lgs.lu/wp-content/uploads/sites/15/2025/05/ONGD-RAPPORT-AUDIT-2024.pdf">ONGD RAPPORT AUDIT 2024</a></p>
<img loading="lazy" decoding="async" class="wp-image-121 aligncenter" src="https://ongd.lgs.lu/wp-content/uploads/sites/15/2016/02/Footer_small-blank-300x16.png" alt="" width="772" height="42" srcset="https://ongd.lgs.lu/wp-content/uploads/sites/15/2016/02/Footer_small-blank-300x16.png 300w, https://ongd.lgs.lu/wp-content/uploads/sites/15/2016/02/Footer_small-blank-768x42.png 768w, https://ongd.lgs.lu/wp-content/uploads/sites/15/2016/02/Footer_small-blank.png 1014w" sizes="auto, (max-width: 772px) 100vw, 772px" />
</div>
</div>

<p>L’ONGD Guiden a Scouten fir ENG Welt est une association sans but lucratif fondée en 1988. Issue du mouvement des guides et scouts, Lëtzebuerger Guiden a Scouten, elle soutient des projets en faveur du développement de l’éducation et de la formation professionnelle. Ces projets sont réalisés en collaboration avec des partenaires locaux au Sénégal, Niger,&#8230;  <a class="excerpt-read-more" href="https://ongd.lgs.lu/fr/iwwer-eis/" title="ReadQui sommes-nous ?">Read more &raquo;</a></p>
